{"id":16,"date":"2014-11-01T12:17:05","date_gmt":"2014-11-01T10:17:05","guid":{"rendered":"http:\/\/localhost:8888\/EmK\/?page_id=16"},"modified":"2019-04-11T13:18:09","modified_gmt":"2019-04-11T13:18:09","slug":"aktuelles-und-termine","status":"publish","type":"page","link":"https:\/\/www.emklangenau.de\/?page_id=16","title":{"rendered":"Aktuelles und Termine"},"content":{"rendered":"<p>Hier finden Sie eine \u00dcbersicht der anstehenden Veranstaltungen. Neben unseren Terminen finden Sie hier auch anderes Aktuelles wie unsere Gemeindenachrichten. Sollten Sie nach regelm\u00e4\u00dfigen Terminen suchen, die eventuell nicht in der Wochen\u00fcbersicht aufgef\u00fchrt sind, finden Sie diese auch unter <a title=\"Ich bin neu\" href=\"http:\/\/www.emklangenau.de\/?page_id=18\">\u201eIch bin neu\u201c<\/a>.<\/p>\n<h1>Anstehende Veranstaltungen<\/h1>\n","protected":false},"excerpt":{"rendered":"<p>Hier finden Sie eine \u00dcbersicht der anstehenden Veranstaltungen. Neben unseren Terminen finden Sie hier auch anderes Aktuelles wie unsere Gemeindenachrichten. Sollten Sie nach regelm\u00e4\u00dfigen Terminen suchen, die eventuell nicht in der Wochen\u00fcbersicht aufgef\u00fchrt sind, finden Sie diese auch unter \u201eIch bin neu\u201c. Anstehende Veranstaltungen<\/p>\n","protected":false},"author":15,"featured_media":1407,"parent":0,"menu_order":16,"comment_status":"open","ping_status":"open","template":"page-aktuelles.php","meta":{"_expiration-date-status":"saved","_expiration-date":0,"_expiration-date-type":"","_expiration-date-categories":[],"_expiration-date-options":[]},"acf":[],"_links":{"self":[{"href":"https:\/\/www.emklangenau.de\/index.php?rest_route=\/wp\/v2\/pages\/16"}],"collection":[{"href":"https:\/\/www.emklangenau.de\/index.php?rest_route=\/wp\/v2\/pages"}],"about":[{"href":"https:\/\/www.emklangenau.de\/index.php?rest_route=\/wp\/v2\/types\/page"}],"author":[{"embeddable":true,"href":"https:\/\/www.emklangenau.de\/index.php?rest_route=\/wp\/v2\/users\/15"}],"replies":[{"embeddable":true,"href":"https:\/\/www.emklangenau.de\/index.php?rest_route=%2Fwp%2Fv2%2Fcomments&post=16"}],"version-history":[{"count":8,"href":"https:\/\/www.emklangenau.de\/index.php?rest_route=\/wp\/v2\/pages\/16\/revisions"}],"predecessor-version":[{"id":1451,"href":"https:\/\/www.emklangenau.de\/index.php?rest_route=\/wp\/v2\/pages\/16\/revisions\/1451"}],"wp:featuredmedia":[{"embeddable":true,"href":"https:\/\/www.emklangenau.de\/index.php?rest_route=\/wp\/v2\/media\/1407"}],"wp:attachment":[{"href":"https:\/\/www.emklangenau.de\/index.php?rest_route=%2Fwp%2Fv2%2Fmedia&parent=16"}],"curies":[{"name":"wp","href":"https:\/\/api.w.org\/{rel}","templated":true}]}}